{"id":2322,"date":"2021-07-13T18:23:33","date_gmt":"2021-07-13T16:23:33","guid":{"rendered":"https:\/\/hycaris.com\/?page_id=2322"},"modified":"2021-07-23T15:33:19","modified_gmt":"2021-07-23T13:33:19","slug":"politique-de-confidentialite","status":"publish","type":"page","link":"https:\/\/hycaris.com\/index.php\/politique-de-confidentialite\/","title":{"rendered":"Politique de confidentialit\u00e9"},"content":{"rendered":"\t\t<div data-elementor-type=\"wp-page\" data-elementor-id=\"2322\" class=\"elementor elementor-2322\" data-elementor-settings=\"[]\">\n\t\t\t\t\t\t<div class=\"elementor-inner\">\n\t\t\t\t\t\t\t<div class=\"elementor-section-wrap\">\n\t\t\t\t\t\t\t<section class=\"elementor-section elementor-top-section elementor-element elementor-element-65de3e2d elementor-section-full_width elementor-section-stretched elementor-section-height-default elementor-section-height-default\" data-id=\"65de3e2d\" data-element_type=\"section\" data-settings=\"{&quot;stretch_section&quot;:&quot;section-stretched&quot;}\">\n\t\t\t\t\t\t<div class=\"elementor-container elementor-column-gap-default\">\n\t\t\t\t\t\t\t<div class=\"elementor-row\">\n\t\t\t\t\t<div class=\"elementor-column elementor-col-100 elementor-top-column elementor-element elementor-element-206d1247\" data-id=\"206d1247\" data-element_type=\"column\">\n\t\t\t<div class=\"elementor-column-wrap elementor-element-populated\">\n\t\t\t\t\t\t\t<div class=\"elementor-widget-wrap\">\n\t\t\t\t\t\t<div class=\"elementor-element elementor-element-29ec5cb2 elementor-widget elementor-widget-text-editor\" data-id=\"29ec5cb2\" data-element_type=\"widget\" data-widget_type=\"text-editor.default\">\n\t\t\t\t<div class=\"elementor-widget-container\">\n\t\t\t\t\t\t\t\t<div class=\"elementor-text-editor elementor-clearfix\">\n\t\t\t\t<h3 id=\"introduction\" style=\"box-sizing: inherit; margin-top: 0.5em; margin-bottom: 0.2em; padding: 0px; border: 0px; font-family: -apple-system, BlinkMacSystemFont, 'Segoe UI', Roboto, Oxygen, Ubuntu, Cantarell, 'Open Sans', 'Helvetica Neue', sans-serif; font-weight: bold; font-stretch: inherit; line-height: 1.15; font-size: 2.8rem; vertical-align: baseline; text-rendering: optimizeLegibility; min-width: 100%; color: #060c14;\">Introduction<\/h3>\n<p style=\"box-sizing: inherit; margin-bottom: 1.5em; padding: 0px; border: 0px; font-family: Georgia, serif; font-stretch: inherit; line-height: inherit; font-size: 22px; vertical-align: baseline; min-width: 100%; caret-color: #373739; color: #373739;\">Dans le cadre de son activit\u00e9, la soci\u00e9t\u00e9 Hycaris, dont le si\u00e8ge social est situ\u00e9 au 1 place Albert Einstein, 56000 VANNES , est amen\u00e9e \u00e0 collecter et \u00e0 traiter des informations dont certaines sont qualifi\u00e9es de \u00ab\u00a0donn\u00e9es personnelles\u00a0\u00bb. Hycaris attache une grande importance au respect de la vie priv\u00e9e, et n\u2019utilise que des donn\u00e9es de mani\u00e8re responsable et confidentielle et dans une finalit\u00e9 pr\u00e9cise.<\/p>\n<h3 id=\"donn-es-personnelles\" style=\"box-sizing: inherit; margin-top: 0.5em; margin-bottom: 0.2em; padding: 0px; border: 0px; font-family: -apple-system, BlinkMacSystemFont, 'Segoe UI', Roboto, Oxygen, Ubuntu, Cantarell, 'Open Sans', 'Helvetica Neue', sans-serif; font-weight: bold; font-stretch: inherit; line-height: 1.15; font-size: 2.8rem; vertical-align: baseline; text-rendering: optimizeLegibility; min-width: 100%; color: #060c14;\">Donn\u00e9es personnelles<\/h3>\n<p style=\"box-sizing: inherit; margin-bottom: 1.5em; padding: 0px; border: 0px; font-family: Georgia, serif; font-stretch: inherit; line-height: inherit; font-size: 22px; vertical-align: baseline; min-width: 100%; caret-color: #373739; color: #373739;\">Sur le site web https:\/\/hycaris.com, il y a 2 types de donn\u00e9es susceptibles d\u2019\u00eatre recueillies :<\/p>\n<ul style=\"box-sizing: inherit; margin-right: 0px; margin-bottom: 1.5em; margin-left: 0px; padding: 0px 1.5em 0px 1.3em; border: 0px; font-family: Georgia, serif; font-stretch: inherit; line-height: inherit; font-size: 22px; vertical-align: baseline; list-style-position: initial; list-style-image: initial; max-width: 100%; min-width: 100%; caret-color: #373739; color: #373739;\">\n<li style=\"box-sizing: inherit; margin: 0px 0px 0.5em; padding: 0px 0px 0px 0.3em; border: 0px; font-family: inherit; font-style: inherit; font-variant-caps: inherit; font-stretch: inherit; line-height: 1.6em; vertical-align: baseline; word-break: break-word;\"><span style=\"box-sizing: inherit; margin: 0px; padding: 0px; border: 0px; font-family: inherit; font-style: inherit; font-variant-caps: inherit; font-weight: bold; font-stretch: inherit; line-height: inherit; vertical-align: baseline; color: #060c14;\">Les donn\u00e9es transmises directement<\/span><br style=\"box-sizing: inherit;\">Ces donn\u00e9es sont celles que vous nous transmettez directement, via un formulaire de contact ou bien par contact direct par email. Sont obligatoires dans le formulaire de contact le champs \u00ab pr\u00e9nom et nom \u00bb et \u00ab email \u00bb.<\/li>\n<li style=\"box-sizing: inherit; margin: 0.5em 0px; padding: 0px 0px 0px 0.3em; border: 0px; font-family: inherit; font-style: inherit; font-variant-caps: inherit; font-stretch: inherit; line-height: 1.6em; vertical-align: baseline; word-break: break-word;\"><span style=\"box-sizing: inherit; margin: 0px; padding: 0px; border: 0px; font-family: inherit; font-style: inherit; font-variant-caps: inherit; font-weight: bold; font-stretch: inherit; line-height: inherit; vertical-align: baseline; color: #060c14;\">Les donn\u00e9es collect\u00e9es automatiquement<\/span><br style=\"box-sizing: inherit;\">Lors de vos visites, une fois votre consentement donn\u00e9, nous pouvons recueillir des informations de type \u00ab web analytics \u00bb relatives \u00e0 votre navigation, la dur\u00e9e de votre consultation, votre adresse IP, votre type et version de navigateur. La technologie utilis\u00e9e est le cookie.<\/li>\n<\/ul>\n<h3 id=\"utilisation-des-donn-es\" style=\"box-sizing: inherit; margin-top: 0.5em; margin-bottom: 0.2em; padding: 0px; border: 0px; font-family: -apple-system, BlinkMacSystemFont, 'Segoe UI', Roboto, Oxygen, Ubuntu, Cantarell, 'Open Sans', 'Helvetica Neue', sans-serif; font-weight: bold; font-stretch: inherit; line-height: 1.15; font-size: 2.8rem; vertical-align: baseline; text-rendering: optimizeLegibility; min-width: 100%; color: #060c14;\">Utilisation des donn\u00e9es<\/h3>\n<p style=\"box-sizing: inherit; margin-bottom: 1.5em; padding: 0px; border: 0px; font-family: Georgia, serif; font-stretch: inherit; line-height: inherit; font-size: 22px; vertical-align: baseline; min-width: 100%; caret-color: #373739; color: #373739;\">Les donn\u00e9es que vous nous transmettez directement sont utilis\u00e9es dans le but de vous re-contacter et\/ou dans le cadre de la demande que vous nous faites. Les donn\u00e9es \u00ab web analytics \u00bb sont collect\u00e9es de forme anonyme (en enregistrant des adresses IP anonymes) par Google Analytics, et nous permettent de mesurer l&rsquo;audience de notre site web, les consultations et les \u00e9ventuelles erreurs afin d\u2019am\u00e9liorer constamment l\u2019exp\u00e9rience des utilisateurs. Ces donn\u00e9es sont utilis\u00e9es par Hycaris, responsable du traitement des donn\u00e9es, et ne seront jamais c\u00e9d\u00e9es \u00e0 un tiers ni utilis\u00e9es \u00e0 d\u2019autres fins que celles d\u00e9taill\u00e9es ci-dessus.<\/p>\n<h3 id=\"base-l-gale\" style=\"box-sizing: inherit; margin-top: 0.5em; margin-bottom: 0.2em; padding: 0px; border: 0px; font-family: -apple-system, BlinkMacSystemFont, 'Segoe UI', Roboto, Oxygen, Ubuntu, Cantarell, 'Open Sans', 'Helvetica Neue', sans-serif; font-weight: bold; font-stretch: inherit; line-height: 1.15; font-size: 2.8rem; vertical-align: baseline; text-rendering: optimizeLegibility; min-width: 100%; color: #060c14;\">Base l\u00e9gale<\/h3>\n<p style=\"box-sizing: inherit; margin-bottom: 1.5em; padding: 0px; border: 0px; font-family: Georgia, serif; font-stretch: inherit; line-height: inherit; font-size: 22px; vertical-align: baseline; min-width: 100%; caret-color: #373739; color: #373739;\">Les donn\u00e9es personnelles ne sont collect\u00e9es qu\u2019apr\u00e8s consentement obligatoire de l\u2019utilisateur. Ce consentement est valablement recueilli (boutons et cases \u00e0 cocher), libre, clair et sans \u00e9quivoque.<\/p>\n<h3 id=\"dur-e-de-conservation\" style=\"box-sizing: inherit; margin-top: 0.5em; margin-bottom: 0.2em; padding: 0px; border: 0px; font-family: -apple-system, BlinkMacSystemFont, 'Segoe UI', Roboto, Oxygen, Ubuntu, Cantarell, 'Open Sans', 'Helvetica Neue', sans-serif; font-weight: bold; font-stretch: inherit; line-height: 1.15; font-size: 2.8rem; vertical-align: baseline; text-rendering: optimizeLegibility; min-width: 100%; color: #060c14;\">Dur\u00e9e de conservation<\/h3>\n<p style=\"box-sizing: inherit; margin-bottom: 1.5em; padding: 0px; border: 0px; font-family: Georgia, serif; font-stretch: inherit; line-height: inherit; font-size: 22px; vertical-align: baseline; min-width: 100%; caret-color: #373739; color: #373739;\">Les donn\u00e9es seront sauvegard\u00e9es durant une dur\u00e9e maximale de 3 ans.<\/p><ul style=\"box-sizing: inherit; margin-right: 0px; margin-bottom: 1.5em; margin-left: 0px; padding: 0px 1.5em 0px 1.3em; border: 0px; font-family: Georgia, serif; font-stretch: inherit; line-height: inherit; font-size: 22px; vertical-align: baseline; list-style-position: initial; list-style-image: initial; max-width: 100%; min-width: 100%; caret-color: #373739; color: #373739;\">\n<\/ul>\n<h3 id=\"vos-droits-concernant-les-donn-es-personnelles\" style=\"box-sizing: inherit; margin-top: 0.5em; margin-bottom: 0.2em; padding: 0px; border: 0px; font-family: -apple-system, BlinkMacSystemFont, 'Segoe UI', Roboto, Oxygen, Ubuntu, Cantarell, 'Open Sans', 'Helvetica Neue', sans-serif; font-weight: bold; font-stretch: inherit; line-height: 1.15; font-size: 2.8rem; vertical-align: baseline; text-rendering: optimizeLegibility; min-width: 100%; color: #060c14;\">Vos droits concernant les donn\u00e9es personnelles<\/h3>\n<p style=\"box-sizing: inherit; margin-bottom: 1.5em; padding: 0px; border: 0px; font-family: Georgia, serif; font-stretch: inherit; line-height: inherit; font-size: 22px; vertical-align: baseline; min-width: 100%; caret-color: #373739; color: #373739;\">Vous avez le droit de consultation, demande de modification ou d\u2019effacement sur l\u2019ensemble de vos donn\u00e9es personnelles. Vous pouvez \u00e9galement retirer votre consentement au traitement de vos donn\u00e9es.<\/p>\n<h3 id=\"contact-d-l-gu-la-protection-des-donn-es\" style=\"box-sizing: inherit; margin-top: 0.5em; margin-bottom: 0.2em; padding: 0px; border: 0px; font-family: -apple-system, BlinkMacSystemFont, 'Segoe UI', Roboto, Oxygen, Ubuntu, Cantarell, 'Open Sans', 'Helvetica Neue', sans-serif; font-weight: bold; font-stretch: inherit; line-height: 1.15; font-size: 2.8rem; vertical-align: baseline; text-rendering: optimizeLegibility; min-width: 100%; color: #060c14;\">Contact d\u00e9l\u00e9gu\u00e9 \u00e0 la protection des donn\u00e9es<\/h3>\n<p style=\"box-sizing: inherit; margin-bottom: 1.5em; padding: 0px; border: 0px; font-family: Georgia, serif; font-stretch: inherit; line-height: inherit; font-size: 22px; vertical-align: baseline; min-width: 100%; caret-color: #373739; color: #373739;\">Ludovic STEPHAN&nbsp;<\/p>\n<p style=\"box-sizing: inherit; margin-bottom: 1.5em; padding: 0px; border: 0px; font-family: Georgia, serif; font-stretch: inherit; line-height: inherit; font-size: 22px; vertical-align: baseline; min-width: 100%; caret-color: #373739; color: #373739;\">1 place Albert Einstein, VIPE,&nbsp;<\/p>\n<p style=\"box-sizing: inherit; margin-bottom: 1.5em; padding: 0px; border: 0px; font-family: Georgia, serif; font-stretch: inherit; line-height: inherit; font-size: 22px; vertical-align: baseline; min-width: 100%; caret-color: #373739; color: #373739;\">56000 VANNES<\/p>\n<p style=\"box-sizing: inherit; margin-bottom: 1.5em; padding: 0px; border: 0px; font-family: Georgia, serif; font-stretch: inherit; line-height: inherit; font-size: 22px; vertical-align: baseline; min-width: 100%; caret-color: #373739; color: #373739;\">contact@hycaris.com<\/p>\n<p><\/p>\t\t\t\t\t<\/div>\n\t\t\t\t\t\t<\/div>\n\t\t\t\t<\/div>\n\t\t\t\t\t\t<\/div>\n\t\t\t\t\t<\/div>\n\t\t<\/div>\n\t\t\t\t\t\t\t\t<\/div>\n\t\t\t\t\t<\/div>\n\t\t<\/section>\n\t\t\t\t<section class=\"elementor-section elementor-top-section elementor-element elementor-element-ba474db elementor-section-boxed elementor-section-height-default elementor-section-height-default\" data-id=\"ba474db\" data-element_type=\"section\">\n\t\t\t\t\t\t<div class=\"elementor-container elementor-column-gap-default\">\n\t\t\t\t\t\t\t<div class=\"elementor-row\">\n\t\t\t\t\t<div class=\"elementor-column elementor-col-100 elementor-top-column elementor-element elementor-element-cee4cd8\" data-id=\"cee4cd8\" data-element_type=\"column\">\n\t\t\t<div class=\"elementor-column-wrap\">\n\t\t\t\t\t\t\t<div class=\"elementor-widget-wrap\">\n\t\t\t\t\t\t\t\t<\/div>\n\t\t\t\t\t<\/div>\n\t\t<\/div>\n\t\t\t\t\t\t\t\t<\/div>\n\t\t\t\t\t<\/div>\n\t\t<\/section>\n\t\t\t\t<section class=\"elementor-section elementor-top-section elementor-element elementor-element-a0032df elementor-section-boxed elementor-section-height-default elementor-section-height-default\" data-id=\"a0032df\" data-element_type=\"section\">\n\t\t\t\t\t\t<div class=\"elementor-container elementor-column-gap-default\">\n\t\t\t\t\t\t\t<div class=\"elementor-row\">\n\t\t\t\t\t<div class=\"elementor-column elementor-col-100 elementor-top-column elementor-element elementor-element-9b7d0bf\" data-id=\"9b7d0bf\" data-element_type=\"column\">\n\t\t\t<div class=\"elementor-column-wrap\">\n\t\t\t\t\t\t\t<div class=\"elementor-widget-wrap\">\n\t\t\t\t\t\t\t\t<\/div>\n\t\t\t\t\t<\/div>\n\t\t<\/div>\n\t\t\t\t\t\t\t\t<\/div>\n\t\t\t\t\t<\/div>\n\t\t<\/section>\n\t\t\t\t<section class=\"elementor-section elementor-top-section elementor-element elementor-element-073a812 elementor-section-boxed elementor-section-height-default elementor-section-height-default\" data-id=\"073a812\" data-element_type=\"section\">\n\t\t\t\t\t\t<div class=\"elementor-container elementor-column-gap-default\">\n\t\t\t\t\t\t\t<div class=\"elementor-row\">\n\t\t\t\t\t<div class=\"elementor-column elementor-col-100 elementor-top-column elementor-element elementor-element-fa34604\" data-id=\"fa34604\" data-element_type=\"column\">\n\t\t\t<div class=\"elementor-column-wrap\">\n\t\t\t\t\t\t\t<div class=\"elementor-widget-wrap\">\n\t\t\t\t\t\t\t\t<\/div>\n\t\t\t\t\t<\/div>\n\t\t<\/div>\n\t\t\t\t\t\t\t\t<\/div>\n\t\t\t\t\t<\/div>\n\t\t<\/section>\n\t\t\t\t\t\t<\/div>\n\t\t\t\t\t\t<\/div>\n\t\t\t\t\t<\/div>\n\t\t","protected":false},"excerpt":{"rendered":"<p>Introduction Dans le cadre de son activit\u00e9, la soci\u00e9t\u00e9 Hycaris, dont le si\u00e8ge social est situ\u00e9 au 1 place Albert Einstein, 56000 VANNES , est amen\u00e9e \u00e0 collecter et \u00e0 traiter des informations dont certaines sont qualifi\u00e9es de \u00ab\u00a0donn\u00e9es personnelles\u00a0\u00bb. Hycaris attache une grande importance au respect de la vie [&hellip;]<\/p>\n","protected":false},"author":3,"featured_media":864,"parent":0,"menu_order":0,"comment_status":"closed","ping_status":"closed","template":"","meta":{"spay_email":""},"yoast_head":"<!-- This site is optimized with the Yoast SEO plugin v16.9 - https:\/\/yoast.com\/wordpress\/plugins\/seo\/ -->\n<title>Politique de confidentialit\u00e9 &bull; Hycaris<\/title>\n<meta name=\"robots\" content=\"index, follow, max-snippet:-1, max-image-preview:large, max-video-preview:-1\" \/>\n<link rel=\"canonical\" href=\"https:\/\/hycaris.com\/index.php\/politique-de-confidentialite\/\" \/>\n<meta property=\"og:locale\" content=\"fr_FR\" \/>\n<meta property=\"og:type\" content=\"article\" \/>\n<meta property=\"og:title\" content=\"Politique de confidentialit\u00e9 &bull; Hycaris\" \/>\n<meta property=\"og:description\" content=\"Introduction Dans le cadre de son activit\u00e9, la soci\u00e9t\u00e9 Hycaris, dont le si\u00e8ge social est situ\u00e9 au 1 place Albert Einstein, 56000 VANNES , est amen\u00e9e \u00e0 collecter et \u00e0 traiter des informations dont certaines sont qualifi\u00e9es de \u00ab\u00a0donn\u00e9es personnelles\u00a0\u00bb. Hycaris attache une grande importance au respect de la vie [&hellip;]\" \/>\n<meta property=\"og:url\" content=\"https:\/\/hycaris.com\/index.php\/politique-de-confidentialite\/\" \/>\n<meta property=\"og:site_name\" content=\"Hycaris\" \/>\n<meta property=\"article:publisher\" content=\"https:\/\/www.facebook.com\/Hycaris\/\" \/>\n<meta property=\"article:modified_time\" content=\"2021-07-23T13:33:19+00:00\" \/>\n<meta property=\"og:image\" content=\"https:\/\/hycaris.com\/wp-content\/uploads\/2020\/11\/IMG_2444-2-scaled.jpg\" \/>\n\t<meta property=\"og:image:width\" content=\"2560\" \/>\n\t<meta property=\"og:image:height\" content=\"1920\" \/>\n<meta name=\"twitter:card\" content=\"summary_large_image\" \/>\n<meta name=\"twitter:label1\" content=\"Dur\u00e9e de lecture est.\" \/>\n\t<meta name=\"twitter:data1\" content=\"2 minutes\" \/>\n<script type=\"application\/ld+json\" class=\"yoast-schema-graph\">{\"@context\":\"https:\/\/schema.org\",\"@graph\":[{\"@type\":\"Organization\",\"@id\":\"https:\/\/hycaris.com\/#organization\",\"name\":\"Hycaris\",\"url\":\"https:\/\/hycaris.com\/\",\"sameAs\":[\"https:\/\/www.facebook.com\/Hycaris\/\",\"https:\/\/www.linkedin.com\/company\/18849376\",\"https:\/\/www.youtube.com\/channel\/UCviY-iPvFi0JS5Z4UsTutlg\"],\"logo\":{\"@type\":\"ImageObject\",\"@id\":\"https:\/\/hycaris.com\/#logo\",\"inLanguage\":\"fr-FR\",\"url\":\"https:\/\/hycaris.com\/wp-content\/uploads\/2018\/06\/logo-Hycaris-4-couleur.png\",\"contentUrl\":\"https:\/\/hycaris.com\/wp-content\/uploads\/2018\/06\/logo-Hycaris-4-couleur.png\",\"width\":550,\"height\":350,\"caption\":\"Hycaris\"},\"image\":{\"@id\":\"https:\/\/hycaris.com\/#logo\"}},{\"@type\":\"WebSite\",\"@id\":\"https:\/\/hycaris.com\/#website\",\"url\":\"https:\/\/hycaris.com\/\",\"name\":\"Hycaris\",\"description\":\"L&#039;\\u00e9quilibre en entreprise\",\"publisher\":{\"@id\":\"https:\/\/hycaris.com\/#organization\"},\"potentialAction\":[{\"@type\":\"SearchAction\",\"target\":{\"@type\":\"EntryPoint\",\"urlTemplate\":\"https:\/\/hycaris.com\/?s={search_term_string}\"},\"query-input\":\"required name=search_term_string\"}],\"inLanguage\":\"fr-FR\"},{\"@type\":\"ImageObject\",\"@id\":\"https:\/\/hycaris.com\/index.php\/politique-de-confidentialite\/#primaryimage\",\"inLanguage\":\"fr-FR\",\"url\":\"https:\/\/hycaris.com\/wp-content\/uploads\/2020\/11\/IMG_2444-2-scaled.jpg\",\"contentUrl\":\"https:\/\/hycaris.com\/wp-content\/uploads\/2020\/11\/IMG_2444-2-scaled.jpg\",\"width\":2560,\"height\":1920},{\"@type\":\"WebPage\",\"@id\":\"https:\/\/hycaris.com\/index.php\/politique-de-confidentialite\/#webpage\",\"url\":\"https:\/\/hycaris.com\/index.php\/politique-de-confidentialite\/\",\"name\":\"Politique de confidentialit\\u00e9 &bull; Hycaris\",\"isPartOf\":{\"@id\":\"https:\/\/hycaris.com\/#website\"},\"primaryImageOfPage\":{\"@id\":\"https:\/\/hycaris.com\/index.php\/politique-de-confidentialite\/#primaryimage\"},\"datePublished\":\"2021-07-13T16:23:33+00:00\",\"dateModified\":\"2021-07-23T13:33:19+00:00\",\"breadcrumb\":{\"@id\":\"https:\/\/hycaris.com\/index.php\/politique-de-confidentialite\/#breadcrumb\"},\"inLanguage\":\"fr-FR\",\"potentialAction\":[{\"@type\":\"ReadAction\",\"target\":[\"https:\/\/hycaris.com\/index.php\/politique-de-confidentialite\/\"]}]},{\"@type\":\"BreadcrumbList\",\"@id\":\"https:\/\/hycaris.com\/index.php\/politique-de-confidentialite\/#breadcrumb\",\"itemListElement\":[{\"@type\":\"ListItem\",\"position\":1,\"name\":\"Accueil\",\"item\":\"https:\/\/hycaris.com\/\"},{\"@type\":\"ListItem\",\"position\":2,\"name\":\"Politique de confidentialit\\u00e9\"}]}]}<\/script>\n<!-- \/ Yoast SEO plugin. -->","yoast_head_json":{"title":"Politique de confidentialit\u00e9 &bull; Hycaris","robots":{"index":"index","follow":"follow","max-snippet":"max-snippet:-1","max-image-preview":"max-image-preview:large","max-video-preview":"max-video-preview:-1"},"canonical":"https:\/\/hycaris.com\/index.php\/politique-de-confidentialite\/","og_locale":"fr_FR","og_type":"article","og_title":"Politique de confidentialit\u00e9 &bull; Hycaris","og_description":"Introduction Dans le cadre de son activit\u00e9, la soci\u00e9t\u00e9 Hycaris, dont le si\u00e8ge social est situ\u00e9 au 1 place Albert Einstein, 56000 VANNES , est amen\u00e9e \u00e0 collecter et \u00e0 traiter des informations dont certaines sont qualifi\u00e9es de \u00ab\u00a0donn\u00e9es personnelles\u00a0\u00bb. Hycaris attache une grande importance au respect de la vie [&hellip;]","og_url":"https:\/\/hycaris.com\/index.php\/politique-de-confidentialite\/","og_site_name":"Hycaris","article_publisher":"https:\/\/www.facebook.com\/Hycaris\/","article_modified_time":"2021-07-23T13:33:19+00:00","og_image":[{"width":2560,"height":1920,"url":"https:\/\/hycaris.com\/wp-content\/uploads\/2020\/11\/IMG_2444-2-scaled.jpg","path":"\/home\/hycariscpq\/www\/wp-content\/uploads\/2020\/11\/IMG_2444-2-scaled.jpg","size":"full","id":864,"alt":"","pixels":4915200,"type":"image\/jpeg"}],"twitter_card":"summary_large_image","twitter_misc":{"Dur\u00e9e de lecture est.":"2 minutes"},"schema":{"@context":"https:\/\/schema.org","@graph":[{"@type":"Organization","@id":"https:\/\/hycaris.com\/#organization","name":"Hycaris","url":"https:\/\/hycaris.com\/","sameAs":["https:\/\/www.facebook.com\/Hycaris\/","https:\/\/www.linkedin.com\/company\/18849376","https:\/\/www.youtube.com\/channel\/UCviY-iPvFi0JS5Z4UsTutlg"],"logo":{"@type":"ImageObject","@id":"https:\/\/hycaris.com\/#logo","inLanguage":"fr-FR","url":"https:\/\/hycaris.com\/wp-content\/uploads\/2018\/06\/logo-Hycaris-4-couleur.png","contentUrl":"https:\/\/hycaris.com\/wp-content\/uploads\/2018\/06\/logo-Hycaris-4-couleur.png","width":550,"height":350,"caption":"Hycaris"},"image":{"@id":"https:\/\/hycaris.com\/#logo"}},{"@type":"WebSite","@id":"https:\/\/hycaris.com\/#website","url":"https:\/\/hycaris.com\/","name":"Hycaris","description":"L&#039;\u00e9quilibre en entreprise","publisher":{"@id":"https:\/\/hycaris.com\/#organization"},"potentialAction":[{"@type":"SearchAction","target":{"@type":"EntryPoint","urlTemplate":"https:\/\/hycaris.com\/?s={search_term_string}"},"query-input":"required name=search_term_string"}],"inLanguage":"fr-FR"},{"@type":"ImageObject","@id":"https:\/\/hycaris.com\/index.php\/politique-de-confidentialite\/#primaryimage","inLanguage":"fr-FR","url":"https:\/\/hycaris.com\/wp-content\/uploads\/2020\/11\/IMG_2444-2-scaled.jpg","contentUrl":"https:\/\/hycaris.com\/wp-content\/uploads\/2020\/11\/IMG_2444-2-scaled.jpg","width":2560,"height":1920},{"@type":"WebPage","@id":"https:\/\/hycaris.com\/index.php\/politique-de-confidentialite\/#webpage","url":"https:\/\/hycaris.com\/index.php\/politique-de-confidentialite\/","name":"Politique de confidentialit\u00e9 &bull; Hycaris","isPartOf":{"@id":"https:\/\/hycaris.com\/#website"},"primaryImageOfPage":{"@id":"https:\/\/hycaris.com\/index.php\/politique-de-confidentialite\/#primaryimage"},"datePublished":"2021-07-13T16:23:33+00:00","dateModified":"2021-07-23T13:33:19+00:00","breadcrumb":{"@id":"https:\/\/hycaris.com\/index.php\/politique-de-confidentialite\/#breadcrumb"},"inLanguage":"fr-FR","potentialAction":[{"@type":"ReadAction","target":["https:\/\/hycaris.com\/index.php\/politique-de-confidentialite\/"]}]},{"@type":"BreadcrumbList","@id":"https:\/\/hycaris.com\/index.php\/politique-de-confidentialite\/#breadcrumb","itemListElement":[{"@type":"ListItem","position":1,"name":"Accueil","item":"https:\/\/hycaris.com\/"},{"@type":"ListItem","position":2,"name":"Politique de confidentialit\u00e9"}]}]}},"_links":{"self":[{"href":"https:\/\/hycaris.com\/index.php\/wp-json\/wp\/v2\/pages\/2322"}],"collection":[{"href":"https:\/\/hycaris.com\/index.php\/wp-json\/wp\/v2\/pages"}],"about":[{"href":"https:\/\/hycaris.com\/index.php\/wp-json\/wp\/v2\/types\/page"}],"author":[{"embeddable":true,"href":"https:\/\/hycaris.com\/index.php\/wp-json\/wp\/v2\/users\/3"}],"replies":[{"embeddable":true,"href":"https:\/\/hycaris.com\/index.php\/wp-json\/wp\/v2\/comments?post=2322"}],"version-history":[{"count":10,"href":"https:\/\/hycaris.com\/index.php\/wp-json\/wp\/v2\/pages\/2322\/revisions"}],"predecessor-version":[{"id":2371,"href":"https:\/\/hycaris.com\/index.php\/wp-json\/wp\/v2\/pages\/2322\/revisions\/2371"}],"wp:featuredmedia":[{"embeddable":true,"href":"https:\/\/hycaris.com\/index.php\/wp-json\/wp\/v2\/media\/864"}],"wp:attachment":[{"href":"https:\/\/hycaris.com\/index.php\/wp-json\/wp\/v2\/media?parent=2322"}],"curies":[{"name":"wp","href":"https:\/\/api.w.org\/{rel}","templated":true}]}}