{"id":642,"date":"2020-11-23T14:12:39","date_gmt":"2020-11-23T13:12:39","guid":{"rendered":"https:\/\/hycaris.com\/?page_id=642"},"modified":"2022-01-12T15:56:41","modified_gmt":"2022-01-12T14:56:41","slug":"equipe","status":"publish","type":"page","link":"https:\/\/hycaris.com\/index.php\/equipe\/","title":{"rendered":"Qui sommes-nous?"},"content":{"rendered":"\t\t<div data-elementor-type=\"wp-page\" data-elementor-id=\"642\" class=\"elementor elementor-642\" data-elementor-settings=\"[]\">\n\t\t\t\t\t\t<div class=\"elementor-inner\">\n\t\t\t\t\t\t\t<div class=\"elementor-section-wrap\">\n\t\t\t\t\t\t\t<section class=\"elementor-section elementor-top-section elementor-element elementor-element-e577372 elementor-section-full_width elementor-section-height-default elementor-section-height-default\" data-id=\"e577372\" data-element_type=\"section\" data-settings=\"{&quot;background_background&quot;:&quot;classic&quot;}\">\n\t\t\t\t\t\t<div class=\"elementor-container elementor-column-gap-default\">\n\t\t\t\t\t\t\t<div class=\"elementor-row\">\n\t\t\t\t\t<div class=\"elementor-column elementor-col-100 elementor-top-column elementor-element elementor-element-57648da\" data-id=\"57648da\" data-element_type=\"column\">\n\t\t\t<div class=\"elementor-column-wrap elementor-element-populated\">\n\t\t\t\t\t\t\t<div class=\"elementor-widget-wrap\">\n\t\t\t\t\t\t<div class=\"elementor-element elementor-element-2ebd2a5 elementor-widget elementor-widget-text-editor\" data-id=\"2ebd2a5\" data-element_type=\"widget\" data-widget_type=\"text-editor.default\">\n\t\t\t\t<div class=\"elementor-widget-container\">\n\t\t\t\t\t\t\t\t<div class=\"elementor-text-editor elementor-clearfix\">\n\t\t\t\t<h4 class=\"elementor-heading-title elementor-size-default elementor-inline-editing pen\" data-elementor-setting-key=\"title\" data-pen-placeholder=\"\u00c9crivez ici...\" style=\"color: #3c4858; font-size: 37px; text-align: center;\"><span style=\"font-size: 18pt; color: #808080;\">Pourquoi Hycaris?<\/span><\/h4><p><span style=\"color: #808080;\">Hycaris signifie \u00ab\u00a0<i>le chemin vers la lumi\u00e8re<\/i>\u00ab\u00a0, parce que nous souhaitons guider les dirigeants et les \u00e9quipes que nous accompagnons vers un \u00e9quilibre, une efficience. Nous aspirons \u00e0 d\u00e9couvrir ensemble leur plein potentiel pour les faire rayonner en entreprise et dans leur vie en g\u00e9n\u00e9ral.<\/span><\/p><p><span style=\"color: #808080;\">Nous avons au d\u00e9part cr\u00e9e Hycaris en 2018 autour de passions et de comp\u00e9tences communes:\u00a0 le management, l&rsquo;humain, le monde de l&rsquo;entreprise et le sport. Le projet commun : partager ce que nous avons appris de nos exp\u00e9riences en tant que managers avec les entreprises qui souhaitent se renouveler.<\/span><\/p>\t\t\t\t\t<\/div>\n\t\t\t\t\t\t<\/div>\n\t\t\t\t<\/div>\n\t\t\t\t\t\t<\/div>\n\t\t\t\t\t<\/div>\n\t\t<\/div>\n\t\t\t\t\t\t\t\t<\/div>\n\t\t\t\t\t<\/div>\n\t\t<\/section>\n\t\t\t\t<section class=\"elementor-section elementor-top-section elementor-element elementor-element-e58a86f elementor-section-boxed elementor-section-height-default elementor-section-height-default\" data-id=\"e58a86f\" data-element_type=\"section\">\n\t\t\t\t\t\t<div class=\"elementor-container elementor-column-gap-default\">\n\t\t\t\t\t\t\t<div class=\"elementor-row\">\n\t\t\t\t\t<div class=\"elementor-column elementor-col-100 elementor-top-column elementor-element elementor-element-ae20eb4\" data-id=\"ae20eb4\" data-element_type=\"column\">\n\t\t\t<div class=\"elementor-column-wrap elementor-element-populated\">\n\t\t\t\t\t\t\t<div class=\"elementor-widget-wrap\">\n\t\t\t\t\t\t<div class=\"elementor-element elementor-element-dc6c5a2 elementor-widget elementor-widget-heading\" data-id=\"dc6c5a2\" data-element_type=\"widget\" data-widget_type=\"heading.default\">\n\t\t\t\t<div class=\"elementor-widget-container\">\n\t\t\t<h2 class=\"elementor-heading-title elementor-size-default\">Notre intention<\/h2>\t\t<\/div>\n\t\t\t\t<\/div>\n\t\t\t\t\t\t<\/div>\n\t\t\t\t\t<\/div>\n\t\t<\/div>\n\t\t\t\t\t\t\t\t<\/div>\n\t\t\t\t\t<\/div>\n\t\t<\/section>\n\t\t\t\t<section class=\"elementor-section elementor-top-section elementor-element elementor-element-4ce9803 elementor-section-full_width elementor-section-stretched elementor-section-height-default elementor-section-height-default\" data-id=\"4ce9803\" data-element_type=\"section\" data-settings=\"{&quot;stretch_section&quot;:&quot;section-stretched&quot;}\">\n\t\t\t\t\t\t<div class=\"elementor-container elementor-column-gap-default\">\n\t\t\t\t\t\t\t<div class=\"elementor-row\">\n\t\t\t\t\t<div class=\"elementor-column elementor-col-100 elementor-top-column elementor-element elementor-element-1d8f9d7\" data-id=\"1d8f9d7\" data-element_type=\"column\">\n\t\t\t<div class=\"elementor-column-wrap elementor-element-populated\">\n\t\t\t\t\t\t\t<div class=\"elementor-widget-wrap\">\n\t\t\t\t\t\t<div class=\"elementor-element elementor-element-386b6ad elementor-widget elementor-widget-text-editor\" data-id=\"386b6ad\" data-element_type=\"widget\" data-widget_type=\"text-editor.default\">\n\t\t\t\t<div class=\"elementor-widget-container\">\n\t\t\t\t\t\t\t\t<div class=\"elementor-text-editor elementor-clearfix\">\n\t\t\t\t<p>Notre conviction est que<b> tendre vers l&rsquo;\u00e9quilibre <\/b>est indispensable pour d\u00e9velopper votre potentiel. Nous croyons aussi que <b>l&rsquo;esprit et le corps sont indissociables<\/b> : c&rsquo;est le socle de notre m\u00e9thode et de\u00a0<a href=\"https:\/\/hycaris.com\/index.php\/formation\/\" target=\"_blank\" rel=\"noopener\">nos formations<\/a>. Nous souhaitons donc vous aider \u00e0 optimiser vos capacit\u00e9s physiques et mentales pour vous inscrire dans un cercle vertueux de progression et de motivation.<\/p>\t\t\t\t\t<\/div>\n\t\t\t\t\t\t<\/div>\n\t\t\t\t<\/div>\n\t\t\t\t\t\t<\/div>\n\t\t\t\t\t<\/div>\n\t\t<\/div>\n\t\t\t\t\t\t\t\t<\/div>\n\t\t\t\t\t<\/div>\n\t\t<\/section>\n\t\t\t\t<section class=\"elementor-section elementor-top-section elementor-element elementor-element-094b012 elementor-section-boxed elementor-section-height-default elementor-section-height-default\" data-id=\"094b012\" data-element_type=\"section\">\n\t\t\t\t\t\t<div class=\"elementor-container elementor-column-gap-default\">\n\t\t\t\t\t\t\t<div class=\"elementor-row\">\n\t\t\t\t\t<div class=\"elementor-column elementor-col-100 elementor-top-column elementor-element elementor-element-34626a9\" data-id=\"34626a9\" data-element_type=\"column\">\n\t\t\t<div class=\"elementor-column-wrap elementor-element-populated\">\n\t\t\t\t\t\t\t<div class=\"elementor-widget-wrap\">\n\t\t\t\t\t\t<div class=\"elementor-element elementor-element-e11f51f elementor-widget-divider--view-line elementor-widget elementor-widget-divider\" data-id=\"e11f51f\" data-element_type=\"widget\" data-widget_type=\"divider.default\">\n\t\t\t\t<div class=\"elementor-widget-container\">\n\t\t\t\t\t<div class=\"elementor-divider\">\n\t\t\t<span class=\"elementor-divider-separator\">\n\t\t\t\t\t\t<\/span>\n\t\t<\/div>\n\t\t\t\t<\/div>\n\t\t\t\t<\/div>\n\t\t\t\t<div class=\"elementor-element elementor-element-cde3dde elementor-widget elementor-widget-heading\" data-id=\"cde3dde\" data-element_type=\"widget\" data-widget_type=\"heading.default\">\n\t\t\t\t<div class=\"elementor-widget-container\">\n\t\t\t<h2 class=\"elementor-heading-title elementor-size-default\">L'\u00e9quipe<\/h2>\t\t<\/div>\n\t\t\t\t<\/div>\n\t\t\t\t\t\t<\/div>\n\t\t\t\t\t<\/div>\n\t\t<\/div>\n\t\t\t\t\t\t\t\t<\/div>\n\t\t\t\t\t<\/div>\n\t\t<\/section>\n\t\t\t\t<section class=\"elementor-section elementor-top-section elementor-element elementor-element-ce38e4b elementor-section-full_width elementor-section-stretched elementor-section-height-default elementor-section-height-default\" data-id=\"ce38e4b\" data-element_type=\"section\" data-settings=\"{&quot;stretch_section&quot;:&quot;section-stretched&quot;}\">\n\t\t\t\t\t\t<div class=\"elementor-container elementor-column-gap-default\">\n\t\t\t\t\t\t\t<div class=\"elementor-row\">\n\t\t\t\t\t<div class=\"elementor-column elementor-col-50 elementor-top-column elementor-element elementor-element-10e4c53\" data-id=\"10e4c53\" data-element_type=\"column\">\n\t\t\t<div class=\"elementor-column-wrap elementor-element-populated\">\n\t\t\t\t\t\t\t<div class=\"elementor-widget-wrap\">\n\t\t\t\t\t\t<div class=\"elementor-element elementor-element-0e6bf14 elementor-vertical-align-middle elementor-position-top elementor-invisible elementor-widget elementor-widget-image-box\" data-id=\"0e6bf14\" data-element_type=\"widget\" data-settings=\"{&quot;_animation&quot;:&quot;fadeIn&quot;}\" data-widget_type=\"image-box.default\">\n\t\t\t\t<div class=\"elementor-widget-container\">\n\t\t\t<div class=\"elementor-image-box-wrapper\"><figure class=\"elementor-image-box-img\"><img src=\"https:\/\/hycaris.com\/wp-content\/uploads\/elementor\/thumbs\/Ludo-pbetzuenb7174t4lwskrahagm3tlqaro9orp97k1jc.jpg\" title=\"Ludovic St\u00e9phan\" alt=\"\u00e9quipe Hycaris - Ludovic\" \/><\/figure><div class=\"elementor-image-box-content\"><h3 class=\"elementor-image-box-title\">Ludovic Stephan<\/h3><p class=\"elementor-image-box-description\">Co-fondateur<\/p><\/div><\/div>\t\t<\/div>\n\t\t\t\t<\/div>\n\t\t\t\t<div class=\"elementor-element elementor-element-1a1a4a2 e-grid-align-mobile-center elementor-shape-rounded elementor-grid-0 e-grid-align-center elementor-invisible elementor-widget elementor-widget-social-icons\" data-id=\"1a1a4a2\" data-element_type=\"widget\" data-settings=\"{&quot;_animation&quot;:&quot;fadeInDown&quot;}\" data-widget_type=\"social-icons.default\">\n\t\t\t\t<div class=\"elementor-widget-container\">\n\t\t\t\t\t<div class=\"elementor-social-icons-wrapper elementor-grid\">\n\t\t\t\t\t\t\t<span class=\"elementor-grid-item\">\n\t\t\t\t\t<a class=\"elementor-icon elementor-social-icon elementor-social-icon-facebook-f elementor-animation-grow elementor-repeater-item-8b93740\" href=\"https:\/\/www.facebook.com\/ludovic.stephan.5851\" target=\"_blank\">\n\t\t\t\t\t\t<span class=\"elementor-screen-only\">Facebook-f<\/span>\n\t\t\t\t\t\t<i class=\"fab fa-facebook-f\"><\/i>\t\t\t\t\t<\/a>\n\t\t\t\t<\/span>\n\t\t\t\t\t\t\t<span class=\"elementor-grid-item\">\n\t\t\t\t\t<a class=\"elementor-icon elementor-social-icon elementor-social-icon-linkedin elementor-animation-grow elementor-repeater-item-d0ff2d1\" href=\"https:\/\/www.linkedin.com\/in\/ludovic-stephan-%E2%9C%A8%F0%9F%8C%8D-83a41714a\/?originalSubdomain=fr\" target=\"_blank\">\n\t\t\t\t\t\t<span class=\"elementor-screen-only\">Linkedin<\/span>\n\t\t\t\t\t\t<i class=\"fab fa-linkedin\"><\/i>\t\t\t\t\t<\/a>\n\t\t\t\t<\/span>\n\t\t\t\t\t\t\t<span class=\"elementor-grid-item\">\n\t\t\t\t\t<a class=\"elementor-icon elementor-social-icon elementor-social-icon-youtube elementor-animation-grow elementor-repeater-item-0ca44cd\" href=\"https:\/\/www.youtube.com\/channel\/UCviY-iPvFi0JS5Z4UsTutlg\" target=\"_blank\">\n\t\t\t\t\t\t<span class=\"elementor-screen-only\">Youtube<\/span>\n\t\t\t\t\t\t<i class=\"fab fa-youtube\"><\/i>\t\t\t\t\t<\/a>\n\t\t\t\t<\/span>\n\t\t\t\t\t<\/div>\n\t\t\t\t<\/div>\n\t\t\t\t<\/div>\n\t\t\t\t<div class=\"elementor-element elementor-element-abe564f elementor-widget elementor-widget-image\" data-id=\"abe564f\" data-element_type=\"widget\" data-widget_type=\"image.default\">\n\t\t\t\t<div class=\"elementor-widget-container\">\n\t\t\t\t\t\t\t\t<div class=\"elementor-image\">\n\t\t\t\t\t\t\t\t\t\t\t\t<img width=\"750\" height=\"533\" src=\"https:\/\/hycaris.com\/wp-content\/uploads\/2022\/01\/diplome-Ludo-1024x728.png\" class=\"attachment-large size-large\" alt=\"\" loading=\"lazy\" srcset=\"https:\/\/hycaris.com\/wp-content\/uploads\/2022\/01\/diplome-Ludo-1024x728.png 1024w, https:\/\/hycaris.com\/wp-content\/uploads\/2022\/01\/diplome-Ludo-300x213.png 300w, https:\/\/hycaris.com\/wp-content\/uploads\/2022\/01\/diplome-Ludo-768x546.png 768w, https:\/\/hycaris.com\/wp-content\/uploads\/2022\/01\/diplome-Ludo-1536x1092.png 1536w, https:\/\/hycaris.com\/wp-content\/uploads\/2022\/01\/diplome-Ludo-2048x1456.png 2048w\" sizes=\"(max-width: 750px) 100vw, 750px\" \/>\t\t\t\t\t\t\t\t\t\t\t\t\t\t<\/div>\n\t\t\t\t\t\t<\/div>\n\t\t\t\t<\/div>\n\t\t\t\t\t\t<\/div>\n\t\t\t\t\t<\/div>\n\t\t<\/div>\n\t\t\t\t<div class=\"elementor-column elementor-col-50 elementor-top-column elementor-element elementor-element-ccd3922\" data-id=\"ccd3922\" data-element_type=\"column\">\n\t\t\t<div class=\"elementor-column-wrap elementor-element-populated\">\n\t\t\t\t\t\t\t<div class=\"elementor-widget-wrap\">\n\t\t\t\t\t\t<div class=\"elementor-element elementor-element-057ec70 elementor-invisible elementor-widget elementor-widget-text-editor\" data-id=\"057ec70\" data-element_type=\"widget\" data-settings=\"{&quot;_animation&quot;:&quot;fadeIn&quot;}\" data-widget_type=\"text-editor.default\">\n\t\t\t\t<div class=\"elementor-widget-container\">\n\t\t\t\t\t\t\t\t<div class=\"elementor-text-editor elementor-clearfix\">\n\t\t\t\t<p><span style=\"font-weight: bold; color: #a5a5a5; font-family: Roboto, Helvetica, Arial, sans-serif; font-size: 10pt; white-space: pre-wrap;\">Parcours<\/span><\/p><p><span style=\"font-size: 10pt;\"><span style=\"color: #a5a5a5; font-family: Roboto, Helvetica, Arial, sans-serif; white-space: pre-wrap;\">Titulaire d&rsquo;un DEA en psychologie du sport du <\/span><a href=\"https:\/\/www.univ-orleans.fr\/en\/node\/411\" target=\"_blank\" rel=\"noopener\">STAPS Orl\u00e9ans<\/a><span style=\"color: #a5a5a5; font-family: Roboto, Helvetica, Arial, sans-serif; white-space: pre-wrap;\">, j&rsquo;ai travaill\u00e9 comme animateur sportif et pr\u00e9parateur mental pour des sportifs de haut niveau avant de devenir manager. Au cours de mes 17 ans de carri\u00e8re, j&rsquo;ai \u00e9volu\u00e9 dans diff\u00e9rentes entreprises avant de me lancer dans l&rsquo;aventure de l&rsquo;entreprenariat avec l&rsquo;envie d&rsquo;apporter de la nouveaut\u00e9 au milieu de la formation! <\/span><\/span><\/p><p><span style=\"font-size: 10pt;\"><span style=\"color: #a5a5a5; font-family: Roboto, Helvetica, Arial, sans-serif; white-space: pre-wrap;\">Je suis certifi\u00e9 Master Coach sp\u00e9cialis\u00e9 en Neuroscience de l&rsquo;<\/span><a href=\"https:\/\/institut-des-neurosciences.com\/\" target=\"_blank\" rel=\"noopener\">institut des neurosciences appliqu\u00e9es<\/a>\u00a0,<span style=\"color: #a5a5a5; font-family: Roboto, Helvetica, Arial, sans-serif; white-space: pre-wrap;\"> sous la tutelle de <\/span><a href=\"https:\/\/david-lefrancois.com\/\" target=\"_blank\" rel=\"noopener\">David Lefran\u00e7ois<\/a>\u00a0coach en neurosciences<span style=\"color: #a5a5a5; font-family: Roboto, Helvetica, Arial, sans-serif; white-space: pre-wrap;\">. Cette discipline me sert au quotidien car elle me donne des moyens concrets pour accompagner au mieux nos clients et pour les aider \u00e0 \u00e9voluer et progresser.<\/span><span style=\"font-weight: bold; color: #a5a5a5; font-family: Roboto, Helvetica, Arial, sans-serif; white-space: pre-wrap;\"><\/span><span style=\"font-weight: bold; color: #a5a5a5; white-space: pre-wrap;\"><\/span><\/span><\/p><p><span style=\"font-size: 10pt;\"><\/span><\/p><\/div><\/div><\/div><\/div><\/div><\/div><\/div><\/div><\/section><\/div><\/div><\/div> <a href=\"https:\/\/hycaris.com\/index.php\/equipe\/#more-642\" class=\"more-link elementor-more-link\"><span aria-label=\"Poursuivre la lecture Qui sommes-nous?\">(plus\u2026)<\/span><\/a>","protected":false},"excerpt":{"rendered":"<p>Pourquoi Hycaris? Hycaris signifie \u00ab\u00a0le chemin vers la lumi\u00e8re\u00ab\u00a0, parce que nous souhaitons guider les dirigeants et les \u00e9quipes que nous accompagnons vers un \u00e9quilibre, une efficience. Nous aspirons \u00e0 d\u00e9couvrir ensemble leur plein potentiel pour les faire rayonner en entreprise et dans leur vie en g\u00e9n\u00e9ral. Nous avons au [&hellip;]<\/p>\n","protected":false},"author":3,"featured_media":993,"parent":0,"menu_order":0,"comment_status":"closed","ping_status":"closed","template":"","meta":{"spay_email":""},"yoast_head":"<!-- This site is optimized with the Yoast SEO plugin v16.9 - https:\/\/yoast.com\/wordpress\/plugins\/seo\/ -->\n<title>Qui sommes-nous? &bull; l&#039;\u00e9quipe &bull; Hycaris<\/title>\n<meta name=\"description\" content=\"D\u00e9couvrez l&#039;\u00e9quipe Hycaris : des managers, coachs et formateurs exp\u00e9riment\u00e9s, des passionn\u00e9s d&#039;humain et de sport.\" \/>\n<meta name=\"robots\" content=\"index, follow, max-snippet:-1, max-image-preview:large, max-video-preview:-1\" \/>\n<link rel=\"canonical\" href=\"https:\/\/hycaris.com\/index.php\/equipe\/\" \/>\n<meta property=\"og:locale\" content=\"fr_FR\" \/>\n<meta property=\"og:type\" content=\"article\" \/>\n<meta property=\"og:title\" content=\"Qui sommes-nous? &bull; l&#039;\u00e9quipe &bull; Hycaris\" \/>\n<meta property=\"og:description\" content=\"D\u00e9couvrez l&#039;\u00e9quipe Hycaris : des managers, coachs et formateurs exp\u00e9riment\u00e9s, des passionn\u00e9s d&#039;humain et de sport.\" \/>\n<meta property=\"og:url\" content=\"https:\/\/hycaris.com\/index.php\/equipe\/\" \/>\n<meta property=\"og:site_name\" content=\"Hycaris\" \/>\n<meta property=\"article:publisher\" content=\"https:\/\/www.facebook.com\/Hycaris\/\" \/>\n<meta property=\"article:modified_time\" content=\"2022-01-12T14:56:41+00:00\" \/>\n<meta property=\"og:image\" content=\"https:\/\/hycaris.com\/wp-content\/uploads\/2020\/12\/L-et-L-couleur-1024x576.png\" \/>\n\t<meta property=\"og:image:width\" content=\"1024\" \/>\n\t<meta property=\"og:image:height\" content=\"576\" \/>\n<meta name=\"twitter:card\" content=\"summary_large_image\" \/>\n<meta name=\"twitter:label1\" content=\"Dur\u00e9e de lecture est.\" \/>\n\t<meta name=\"twitter:data1\" content=\"6 minutes\" \/>\n<script type=\"application\/ld+json\" class=\"yoast-schema-graph\">{\"@context\":\"https:\/\/schema.org\",\"@graph\":[{\"@type\":\"Organization\",\"@id\":\"https:\/\/hycaris.com\/#organization\",\"name\":\"Hycaris\",\"url\":\"https:\/\/hycaris.com\/\",\"sameAs\":[\"https:\/\/www.facebook.com\/Hycaris\/\",\"https:\/\/www.linkedin.com\/company\/18849376\",\"https:\/\/www.youtube.com\/channel\/UCviY-iPvFi0JS5Z4UsTutlg\"],\"logo\":{\"@type\":\"ImageObject\",\"@id\":\"https:\/\/hycaris.com\/#logo\",\"inLanguage\":\"fr-FR\",\"url\":\"https:\/\/hycaris.com\/wp-content\/uploads\/2018\/06\/logo-Hycaris-4-couleur.png\",\"contentUrl\":\"https:\/\/hycaris.com\/wp-content\/uploads\/2018\/06\/logo-Hycaris-4-couleur.png\",\"width\":550,\"height\":350,\"caption\":\"Hycaris\"},\"image\":{\"@id\":\"https:\/\/hycaris.com\/#logo\"}},{\"@type\":\"WebSite\",\"@id\":\"https:\/\/hycaris.com\/#website\",\"url\":\"https:\/\/hycaris.com\/\",\"name\":\"Hycaris\",\"description\":\"L&#039;\\u00e9quilibre en entreprise\",\"publisher\":{\"@id\":\"https:\/\/hycaris.com\/#organization\"},\"potentialAction\":[{\"@type\":\"SearchAction\",\"target\":{\"@type\":\"EntryPoint\",\"urlTemplate\":\"https:\/\/hycaris.com\/?s={search_term_string}\"},\"query-input\":\"required name=search_term_string\"}],\"inLanguage\":\"fr-FR\"},{\"@type\":\"ImageObject\",\"@id\":\"https:\/\/hycaris.com\/index.php\/equipe\/#primaryimage\",\"inLanguage\":\"fr-FR\",\"url\":\"https:\/\/hycaris.com\/wp-content\/uploads\/2020\/12\/L-et-L-couleur.png\",\"contentUrl\":\"https:\/\/hycaris.com\/wp-content\/uploads\/2020\/12\/L-et-L-couleur.png\",\"width\":3840,\"height\":2160,\"caption\":\"Equipe-Hycaris\"},{\"@type\":\"WebPage\",\"@id\":\"https:\/\/hycaris.com\/index.php\/equipe\/#webpage\",\"url\":\"https:\/\/hycaris.com\/index.php\/equipe\/\",\"name\":\"Qui sommes-nous? &bull; l'\\u00e9quipe &bull; Hycaris\",\"isPartOf\":{\"@id\":\"https:\/\/hycaris.com\/#website\"},\"primaryImageOfPage\":{\"@id\":\"https:\/\/hycaris.com\/index.php\/equipe\/#primaryimage\"},\"datePublished\":\"2020-11-23T13:12:39+00:00\",\"dateModified\":\"2022-01-12T14:56:41+00:00\",\"description\":\"D\\u00e9couvrez l'\\u00e9quipe Hycaris : des managers, coachs et formateurs exp\\u00e9riment\\u00e9s, des passionn\\u00e9s d'humain et de sport.\",\"breadcrumb\":{\"@id\":\"https:\/\/hycaris.com\/index.php\/equipe\/#breadcrumb\"},\"inLanguage\":\"fr-FR\",\"potentialAction\":[{\"@type\":\"ReadAction\",\"target\":[\"https:\/\/hycaris.com\/index.php\/equipe\/\"]}]},{\"@type\":\"BreadcrumbList\",\"@id\":\"https:\/\/hycaris.com\/index.php\/equipe\/#breadcrumb\",\"itemListElement\":[{\"@type\":\"ListItem\",\"position\":1,\"name\":\"Accueil\",\"item\":\"https:\/\/hycaris.com\/\"},{\"@type\":\"ListItem\",\"position\":2,\"name\":\"Qui sommes-nous?\"}]}]}<\/script>\n<!-- \/ Yoast SEO plugin. -->","yoast_head_json":{"title":"Qui sommes-nous? &bull; l'\u00e9quipe &bull; Hycaris","description":"D\u00e9couvrez l'\u00e9quipe Hycaris : des managers, coachs et formateurs exp\u00e9riment\u00e9s, des passionn\u00e9s d'humain et de sport.","robots":{"index":"index","follow":"follow","max-snippet":"max-snippet:-1","max-image-preview":"max-image-preview:large","max-video-preview":"max-video-preview:-1"},"canonical":"https:\/\/hycaris.com\/index.php\/equipe\/","og_locale":"fr_FR","og_type":"article","og_title":"Qui sommes-nous? &bull; l'\u00e9quipe &bull; Hycaris","og_description":"D\u00e9couvrez l'\u00e9quipe Hycaris : des managers, coachs et formateurs exp\u00e9riment\u00e9s, des passionn\u00e9s d'humain et de sport.","og_url":"https:\/\/hycaris.com\/index.php\/equipe\/","og_site_name":"Hycaris","article_publisher":"https:\/\/www.facebook.com\/Hycaris\/","article_modified_time":"2022-01-12T14:56:41+00:00","og_image":[{"width":1024,"height":576,"path":"2020\/12\/L-et-L-couleur-1024x576.png","url":"https:\/\/hycaris.com\/wp-content\/uploads\/2020\/12\/L-et-L-couleur-1024x576.png","size":"large","id":993,"alt":"Equipe-Hycaris","pixels":589824,"type":"image\/png"}],"twitter_card":"summary_large_image","twitter_misc":{"Dur\u00e9e de lecture est.":"6 minutes"},"schema":{"@context":"https:\/\/schema.org","@graph":[{"@type":"Organization","@id":"https:\/\/hycaris.com\/#organization","name":"Hycaris","url":"https:\/\/hycaris.com\/","sameAs":["https:\/\/www.facebook.com\/Hycaris\/","https:\/\/www.linkedin.com\/company\/18849376","https:\/\/www.youtube.com\/channel\/UCviY-iPvFi0JS5Z4UsTutlg"],"logo":{"@type":"ImageObject","@id":"https:\/\/hycaris.com\/#logo","inLanguage":"fr-FR","url":"https:\/\/hycaris.com\/wp-content\/uploads\/2018\/06\/logo-Hycaris-4-couleur.png","contentUrl":"https:\/\/hycaris.com\/wp-content\/uploads\/2018\/06\/logo-Hycaris-4-couleur.png","width":550,"height":350,"caption":"Hycaris"},"image":{"@id":"https:\/\/hycaris.com\/#logo"}},{"@type":"WebSite","@id":"https:\/\/hycaris.com\/#website","url":"https:\/\/hycaris.com\/","name":"Hycaris","description":"L&#039;\u00e9quilibre en entreprise","publisher":{"@id":"https:\/\/hycaris.com\/#organization"},"potentialAction":[{"@type":"SearchAction","target":{"@type":"EntryPoint","urlTemplate":"https:\/\/hycaris.com\/?s={search_term_string}"},"query-input":"required name=search_term_string"}],"inLanguage":"fr-FR"},{"@type":"ImageObject","@id":"https:\/\/hycaris.com\/index.php\/equipe\/#primaryimage","inLanguage":"fr-FR","url":"https:\/\/hycaris.com\/wp-content\/uploads\/2020\/12\/L-et-L-couleur.png","contentUrl":"https:\/\/hycaris.com\/wp-content\/uploads\/2020\/12\/L-et-L-couleur.png","width":3840,"height":2160,"caption":"Equipe-Hycaris"},{"@type":"WebPage","@id":"https:\/\/hycaris.com\/index.php\/equipe\/#webpage","url":"https:\/\/hycaris.com\/index.php\/equipe\/","name":"Qui sommes-nous? &bull; l'\u00e9quipe &bull; Hycaris","isPartOf":{"@id":"https:\/\/hycaris.com\/#website"},"primaryImageOfPage":{"@id":"https:\/\/hycaris.com\/index.php\/equipe\/#primaryimage"},"datePublished":"2020-11-23T13:12:39+00:00","dateModified":"2022-01-12T14:56:41+00:00","description":"D\u00e9couvrez l'\u00e9quipe Hycaris : des managers, coachs et formateurs exp\u00e9riment\u00e9s, des passionn\u00e9s d'humain et de sport.","breadcrumb":{"@id":"https:\/\/hycaris.com\/index.php\/equipe\/#breadcrumb"},"inLanguage":"fr-FR","potentialAction":[{"@type":"ReadAction","target":["https:\/\/hycaris.com\/index.php\/equipe\/"]}]},{"@type":"BreadcrumbList","@id":"https:\/\/hycaris.com\/index.php\/equipe\/#breadcrumb","itemListElement":[{"@type":"ListItem","position":1,"name":"Accueil","item":"https:\/\/hycaris.com\/"},{"@type":"ListItem","position":2,"name":"Qui sommes-nous?"}]}]}},"_links":{"self":[{"href":"https:\/\/hycaris.com\/index.php\/wp-json\/wp\/v2\/pages\/642"}],"collection":[{"href":"https:\/\/hycaris.com\/index.php\/wp-json\/wp\/v2\/pages"}],"about":[{"href":"https:\/\/hycaris.com\/index.php\/wp-json\/wp\/v2\/types\/page"}],"author":[{"embeddable":true,"href":"https:\/\/hycaris.com\/index.php\/wp-json\/wp\/v2\/users\/3"}],"replies":[{"embeddable":true,"href":"https:\/\/hycaris.com\/index.php\/wp-json\/wp\/v2\/comments?post=642"}],"version-history":[{"count":149,"href":"https:\/\/hycaris.com\/index.php\/wp-json\/wp\/v2\/pages\/642\/revisions"}],"predecessor-version":[{"id":2730,"href":"https:\/\/hycaris.com\/index.php\/wp-json\/wp\/v2\/pages\/642\/revisions\/2730"}],"wp:featuredmedia":[{"embeddable":true,"href":"https:\/\/hycaris.com\/index.php\/wp-json\/wp\/v2\/media\/993"}],"wp:attachment":[{"href":"https:\/\/hycaris.com\/index.php\/wp-json\/wp\/v2\/media?parent=642"}],"curies":[{"name":"wp","href":"https:\/\/api.w.org\/{rel}","templated":true}]}}